9
List the prime factors of 187942213.
293, 641441
What are the prime factors of 68862348?
2, 3, 1912843
List the prime factors of 3713633566.
2, 1856816783
List the prime factors of 74476401.
3, 24825467
List the prime factors of 2265953372.
2, 3793, 149351
What are the prime factors of 180351406?
2, 29, 211, 14737
What are the prime factors of 5511856813?
19, 151, 1921177
List the prime factors of 4313181948.
2, 3, 29, 12394201
List the prime factors of 96555222.
2, 3, 79, 67901
List the prime factors of 624756974.
2, 19, 71, 231563
What are the prime factors of 105929557?
37, 127, 22543
List the prime factors of 185497631.
11, 16863421
List the prime factors of 959591331.
3, 313, 340643
What are the prime factors of 133737263?
11, 12157933
List the prime factors of 259534097.
59, 967, 4549
What are the prime factors of 350987089?
1873, 187393
List the prime factors of 7878607529.
13, 14741, 41113
List the prime factors of 5728819164.
2, 3, 131, 199, 18313
What are the prime factors of 127036694?
2, 5077, 12511
What are the prime factors of 1724544939?
3, 13, 2531, 17471
What are the prime factors of 187749586?
2, 93874793
What are the prime factors of 556314531?
3, 73, 2540249
What are the prime factors of 5586808062?
2, 3, 11, 84648607
List the prime factors of 3276793024.
2, 51199891
List the prime factors of 1119888903.
3, 7, 53328043
List the prime factors of 787246438.
2, 11, 17, 23, 71, 1289
List the prime factors of 160194209.
7, 22884887
What are the prime factors of 42656342?
2, 21328171
List the prime factors of 37265038.
2, 31, 619, 971
What are the prime factors of 130961811?
3, 43653937
What are the prime factors of 739617937?
2153, 343529
List the prime factors of 369024340.
2, 5, 197, 229, 409
What are the prime factors of 381999888?
2, 3, 98251
What are the prime factors of 6041149395?
3, 5, 402743293
List the prime factors of 321451150.
2, 5, 193, 33311
List the prime factors of 1391396677.
11, 126490607
List the prime factors of 754391360.
2, 5, 47, 50159
What are the prime factors of 475819976?
2, 59477497
What are the prime factors of 1435293976?
2, 3659, 49033
List the prime factors of 116139827.
109, 1065503
List the prime factors of 2526234533.
37, 1607, 42487
List the prime factors of 355418436.
2, 3, 29618203
List the prime factors of 431182864.
2, 7, 3849847
List the prime factors of 210066871.
7, 37, 109, 1063
What are the prime factors of 7122180909?
3, 26731, 88813
List the prime factors of 18336705.
3, 5, 43, 28429
What are the prime factors of 685221883?
47, 14579189
What are the prime factors of 1936068642?
2, 3, 79, 151279
What are the prime factors of 38807430?
2, 3, 5, 17, 47, 1619
List the prime factors of 337250733.
3, 2011, 55901
What are the prime factors of 459657272?
2, 19, 43, 70327
What are the prime factors of 5866519824?
2, 3, 11, 1234537
What are the prime factors of 1057449160?
2, 5, 26436229
What are the prime factors of 127217367?
3, 14135263
What are the prime factors of 5360184422?
2, 17, 7039, 22397
What are the prime factors of 1049483330?
2, 5, 7, 23, 651853
List the prime factors of 6602579.
17, 61, 6367
List the prime factors of 39347863.
1187, 33149
List the prime factors of 76724531.
13, 5901887
What are the prime factors of 88353854?
2, 37, 1193971
List the prime factors of 503871072.
2, 3, 1949, 2693
List the prime factors of 636427001.
7, 90918143
What are the prime factors of 88744951?
41, 2164511
List the prime factors of 376820193.
3, 101, 1243631
What are the prime factors of 131895745?
5, 2953, 8933
List the prime factors of 714213867.
3, 31, 7679719
List the prime factors of 1542942423.
3, 11, 17, 916781
List the prime factors of 746211796.
2, 11, 16959359
What are the prime factors of 34576609?
34576609
What are the prime factors of 1482409259?
349, 1697, 2503
What are the prime factors of 17430651?
3, 7, 337, 821
What are the prime factors of 506970477?
3, 13, 4333081
What are the prime factors of 298330350?
2, 3, 5, 41, 179, 271
What are the prime factors of 180653715?
3, 5, 11, 163, 2239
List the prime factors of 77792609.
31, 389, 6451
What are the prime factors of 1398742049?
67, 20876747
What are the prime factors of 145723896?
2, 3, 113, 17911
List the prime factors of 27443610.
2, 3, 5, 17, 1993
List the prime factors of 1655212056.
2, 3, 19, 947, 3833
List the prime factors of 92024269.
92024269
What are the prime factors of 359424918?
2, 3, 1231, 5407
What are the prime factors of 8241831525?
3, 5, 83, 557, 2377
What are the prime factors of 970612204?
2, 242653051
List the prime factors of 119665580.
2, 5, 31, 193009
List the prime factors of 2362300.
2, 5, 23623
What are the prime factors of 55284629?
17, 719, 4523
List the prime factors of 64340951.
239, 269209
List the prime factors of 151329464.
2, 11, 13, 179, 739
What are the prime factors of 1941611381?
53, 4339, 8443
What are the prime factors of 498610666?
2, 249305333
What are the prime factors of 118946839?
11, 10813349
List the prime factors of 19807618.
2, 17, 83, 7019
List the prime factors of 5597855073.
3, 127, 313, 15647
List the prime factors of 1274367958.
2, 61, 97, 107687
What are the prime factors of 17532993?
3, 5844331
List the prime factors of 142777035.
3, 5, 3172823
What are the prime factors of 6898962719?
11, 19, 71, 97, 4793
List the prime factors of 606603066.
2, 3, 4637, 21803
List the prime factors of 44640674.
2, 13, 17, 457
What are the prime factors of 964093085?
5, 11311, 17047
What are the prime factors of 188781955?
5, 37, 79, 12917
List the prime factors of 668853472.
2, 7, 2985953
What are the prime factors of 834214733?
11, 2671, 28393
What are the prime factors of 341513882?
2, 170756941
What are the prime factors of 283289966?
2, 31, 4569193
What are the prime factors of 55521720?
2, 3, 5, 101, 509
List the prime factors of 223288159.
173, 1290683
What are the prime factors of 1584781270?
2, 5, 29, 317, 17239
List the prime factors of 1658303533.
67, 2393, 10343
What are the prime factors of 34167995?
5, 23, 297113
What are the prime factors of 1516172883?
3, 505390961
List the prime factors of 26094786.
2, 3, 4349131
List the prime factors of 499447984.
2, 7, 19, 33529
What are the prime factors of 317852215?
5, 63570443
List the prime factors of 48568373.
7, 6938339
List the prime factors of 512498550.
2, 3, 5, 241, 14177
What are the prime factors of 260983931?
13, 20075687
What are the prime factors of 1082703501?
3, 11, 347, 31517
List the prime factors of 187417891.
89, 2105819
List the prime factors of 2103958260.
2, 3, 5, 3896219
What are the prime factors of 273084563?
67, 4075889
What are the prime factors of 58772120?
2, 5, 11, 12143
What are the prime factors of 562514060?
2, 5, 409, 68767
List the prime factors of 56768120.
2, 5, 233, 6091
List the prime factors of 1058261577.
3, 17, 20750227
What are the prime factors of 35840950?
2, 5, 716819
What are the prime factors of 203274889?
43, 149, 31727
What are the prime factors of 95947927?
23, 431, 9679
What are the prime factors of 4866414?
2, 3, 7, 109, 1063
List the prime factors of 1359236365.
5, 2081, 130633
List the prime factors of 7022517.
3, 107, 131, 167
List the prime factors of 4214711262.
2, 3, 53, 373, 35533
What are the prime factors of 2780210059?
11, 252746369
What are the prime factors of 30394685?
5, 6078937
List the prime factors of 1457760.
2, 3, 5, 3037
List the prime factors of 2131679000.
2, 5, 11, 193789
List the prime factors of 4853513705.
5, 23, 42204467
List the prime factors of 42409516.
2, 23, 460973
What are the prime factors of 59066719?
89, 101, 6571
What are the prime factors of 723486492?
2, 3, 41, 107, 509
List the prime factors of 42184902.
2, 3, 19, 509, 727
What are the prime factors of 1561629178?
2, 29, 37, 359, 2027
What are the prime factors of 2919019081?
11, 265365371
What are the prime factors of 45948463?
11, 73, 57221
What are the prime factors of 35045998?
2, 13, 419, 3217
What are the prime factors of 12646983?
3, 41, 229, 449
List the prime factors of 199709880.
2, 3, 5, 17, 223, 439
What are the prime factors of 191892504?
2, 3, 947, 8443
List the prime factors of 360065683.
131, 2748593
What are the prime factors of 88192274?
2, 883, 49939
What are t